he highest common divisor of m and 180?
6
Let i(n) = -1779*n + 932. Let u be i(-5). What is the highest common divisor of u and 31?
31
Let n be -1 + (9 - 0 - 6) + 801. What is the highest common factor of n and 33?
11
Let i = 4819 + -2848. What is the highest common divisor of 27 and i?
27
Let q(y) = 331*y**3 + 2*y**2 - 8*y. Let h be q(2). Suppose h = 9*b - b. What is the highest common factor of b and 22?
22
Suppose -5*d + 17 = -2*x, -5*x + 8*x + 5*d = 37. Suppose 4*f + 2*u - 36 = 0, x*f - 51 = -f - 4*u. Calculate the greatest common factor of 49 and f.
7
Let a(y) = 9*y**2 - 4*y + 7. Let q be (-1)/(155/(-180) - (-3)/4). Let j = -7 + q. Let g be a(j). Calculate the greatest common factor of g and 35.
35
Suppose -8819 + 4724 = -9*t. Calculate the highest common factor of 1079 and t.
13
Let p be -66*(7/28 - (-15)/(-4)). Let b = 241 - p. What is the highest common divisor of 130 and b?
10
Let s(i) = 11*i + 48. Let h be s(-3). What is the highest common factor of h and 555?
15
Suppose 414 = 2*o + 5*w, 2*o + 2*o = -2*w + 796. Let n = 572 - o. Suppose 0 = -26*s + 21*s + n. What is the greatest common factor of s and 45?
15
Let r be -18 - ((-2 - -3) + 1). Let m(v) = 5*v + 33. Let p be m(-2). Let d = p + r. Calculate the highest common factor of d and 9.
3
Let k(s) = s**2 - 2*s**2 - 3 + 5 + 2 - 26*s. Let f be k(-20). Suppose -o - f = -531. What is the highest common factor of o and 37?
37
Let d = -5226 + 5644. Calculate the greatest common factor of 38 and d.
38
Suppose 4*f - 26853 = 3*g, 5*f - 33565 = 9*g - 4*g. What is the greatest common divisor of f and 54?
18
Let i(n) = -n**3 + 14*n**2 + 4*n - 31. Let y be i(14). Let s be (0 + (-10)/y)*-5. Let f = 9 + -3. Calculate the highest common factor of f and s.
2
Suppose -6*v + 90 = 1 - 19. Let j(b) = 3*b**2 + 3*b - 6. Let g be j(-8). Calculate the greatest common factor of g and v.
18
Let t = 16719 + -16689. Let u be 1 - -1 - 0 - -19. Let n = u + -9. Calculate the greatest common divisor of n and t.
6
Let x be (-423)/(-9) + 3/(-1). Let u be 1 - (-3)/2*1692/27. Let f = u + -91. What is the highest common divisor of f and x?
4
Let t(a) = a**3 - 23*a**2 - 198*a + 282. Let c be t(31). What is the highest common factor of 32 and c?
8
Suppose -3*a = -6, -5*f + 11*a + 780 = 16*a. Suppose 0*p - 18 = -3*p. Let s be (-44)/6*(-18)/p. Calculate the greatest common factor of f and s.
22
Let q = 14 + -17. Let n be 7/(-2) + q/6. Let g be 2115/20 + 3/n. Calculate the greatest common divisor of 15 and g.
15
Suppose o + 4 = 0, 2*v + 382 = 4*v + 2*o. Let j(f) = -3*f**2 - 527*f + 1324. Let a be j(-178). What is the highest common divisor of a and v?
39
Let p = 41 + -27. Suppose -3*x + x + p = 0. Suppose -92*m + 5475 + 1558 - 1881 = 0. What is the highest common factor of m and x?
7
Suppose 61*k = 69*k - 240. Let w be -6*2*38/(-12). Let v = w - k. What is the greatest common divisor of 88 and v?
8
Let m be -15 + 11 + 24 + (-3)/1. What is the highest common factor of m and 680?
17
Let v be 5*((-2)/(-7) + (-44)/(-140)). Let t be (-384)/(-72)*v/2. Let n(i) = -15*i - 2. Let k be n(-6). What is the greatest common factor of k and t?
8
Let h(j) = 8*j**2 + 30*j + 122. Let p be h(-6). Let y be 18/12 - 37/(-2). Calculate the greatest common divisor of y and p.
10
Suppose 5*b + 0*r = r + 17, 3*r = 9. Let w be 1102/10 - (-9)/(-180)*b. What is the greatest common divisor of w and 30?
10
Suppose 26014 = -99*z + 54742 + 266292. Calculate the highest common divisor of 40 and z.
20
Let l(k) = k**2 - 8*k + 26. Let d be l(15). Suppose 23 - d = -3*o. Let p = o - 18. What is the greatest common divisor of 18 and p?
18
Suppose 93*j = 141*j - 74*j + 650. What is the highest common divisor of 580 and j?
5
Suppose -6 = -3*j, 2*c + 3*j - 7*j - 18 = 0. Suppose -u + c = 5*x, 3*u - x - 11 = 12. What is the greatest common factor of 8 and u?
8
Let v(l) = -4*l - 18. Let x be v(-3). Let g be (x + -1)/(5/(-5)). What is the greatest common factor of 28 and g?
7
Let i = -344 + 382. Suppose -346 = -i*w + 452. What is the greatest common divisor of 14 and w?
7
Suppose -31*d - 4529 = 4585. Let b = d - -450. What is the highest common factor of 60 and b?
12
Suppose 137 - 641 = -6*k. Let c be (-1 - 8)*120/(-18). Calculate the highest common divisor of k and c.
12
Suppose 4*d - 4*o - 1052 = 0, 5*d - 379 = 2*o + 930. Suppose -863 = -2*a - c, 147*c - 1270 = -3*a + 142*c. Calculate the greatest common factor of d and a.
87
Suppose -312 + 3220 = 58*p - 50. Calculate the highest common divisor of 1887 and p.
51
Suppose 5*c = -5*i - 1556 + 7976, -5*i + 2*c + 6476 = 0. What is the highest common divisor of 76 and i?
76
Suppose 278 - 98 = -18*l. Let t(f) = -5*f - 41. Let y be t(l). Suppose 5*o = 1 + 4. Calculate the greatest common divisor of y and o.
1
Let v(y) = 2*y**3 + 23*y**2 - 15*y - 6. Let r be v(-12). Let h be 1 - (-202 + (12 - 4)). Calculate the greatest common factor of r and h.
15
Let s(p) = 60 - 2*p**3 - 3*p**2 + 22*p + p**3 - 3*p**2 - 34*p - 2*p**2. Let q be s(-10). Calculate the greatest common divisor of q and 20.
20
Let z be (-6)/(-8) - (-785)/20. Calculate the greatest common factor of z and 1250.
10
Suppose -13878 - 3148 = -6*r + 2*o, 2*r + 4*o = 5680. Calculate the highest common divisor of r and 462.
66
Let h(n) = -2*n**3 + 11*n**2 + 33*n - 16. Let v be h(-4). Calculate the highest common divisor of v and 288.
12
Let z be ((-180)/120)/(6/(-20972)) + (0 - 0). What is the highest common factor of 214 and z?
107
Let z = 3589 + 1019. What is the highest common factor of 18 and z?
18
Suppose 5*c = -4*z + 53, z + 0*c - 3*c - 9 = 0. Let f be (-5408)/24*4/((-32)/z). Calculate the greatest common divisor of f and 78.
26
Let c(p) = -2*p + 31. Let y be c(9). Suppose 19*o - 36 = y*o. Let k be (-140)/(-6) - 9/((-81)/o). Calculate the highest common divisor of 168 and k.
24
Suppose -868*y + 892335 = -767*y. What is the highest common factor of y and 75?
15
Let v(b) = -24*b - 69. Let f be v(-3). Suppose 2*y = -4*q + 510, -y = -6*y + f*q + 1223. Calculate the highest common divisor of 19 and y.
19
Let b(y) = 80*y + 1761. Let f be b(-22). Calculate the greatest common factor of 3 and f.
1
Suppose 3*r + 14 = 62. Suppose 3*v + 788 - 800 = 0. What is the greatest common divisor of v and r?
4
Suppose 0 = 4*i + 24, -2*a + 5*i - 257 = -3871. Calculate the highest common divisor of 308 and a.
28
Suppose -y - 2*w + 92 = 26, 0 = 3*y + 4*w - 204. What is the highest common factor of y and 576?
72
Let g = -10 - -10. Let s be (1*(-47 + g))/((-10)/(-10)). Let x = s - -89. What is the greatest common divisor of x and 3?
3
Let w = 242 - 542. Let q = 304 + w. What is the highest common divisor of q and 180?
4
Suppose -240 = -17*w - 614. Let c(m) = m**2 + 2*m - 56. Let a be c(w). Calculate the highest common factor of 24 and a.
24
Let w be 1729/26*(-28688)/(-154). What is the highest common divisor of w and 76?
76
Suppose 5*j - 42 = -4*l + 2*l, -3*l = 4*j - 63. Let m(a) = -a - 1. Let q be m(-7). What is the greatest common factor of q and l?
3
Suppose 137*n - 140*n + 12332 = -2*t, 5*n - 20545 = 5*t. What is the greatest common divisor of 102 and n?
34
Suppose -5*y = -11*m + 10*m - 5, 0 = -4*m + 20. Let s be 73 + (y - -4) + -10. What is the highest common factor of s and 46?
23
Let a be ((-15)/(-20)*-14)/(2 - 11/4). What is the highest common factor of a and 4368?
14
Let h = -316 + 336. Suppose w + 43 = -11*s + 16*s, h = 2*s + w. Suppose 0*x = 3*x - 36. Calculate the greatest common factor of s and x.
3
Suppose 12*z + 4928 = 8672. Calculate the highest common factor of z and 1392.
24
Let d(p) = 49*p + 395. Let r be d(-5). Let q(h) = 3*h**2 - 4*h + 5. Let j be q(5). What is the highest common factor of r and j?
30
Let f be (-10)/(-155) - 2216/(-248). Calculate the highest common divisor of f and 1029.
3
Let v = -31831 - -32093. Calculate the greatest common divisor of 13493 and v.
131
Let z be 1/(-2)*(4 - (-7 - -7)) - -288. Calculate the highest common divisor of 99 and z.
11
Let y be 2 + 24/(-10) - 5511456/(-540). Calculate the greatest common divisor of 70 and y.
14
Suppose 125*n - 3*z - 531 = 122*n, -2*n = 4*z - 342. Calculate the highest common divisor of n and 203.
7
Let r(t) = 2*t - 5. Let q = 5 - -3. Let n be r(q). Suppose 1868 = 46*a - 1674. Calculate the highest common fact